e factors of s.
101
Suppose 2*z = -5*r + 64, -r + 50 = 3*r + 2*z. Suppose x - 426 = -3*i, 9*x = r*x - 2*i - 2147. What are the prime factors of x?
3, 11, 13
Let w(v) = -225*v + 286. What are the prime factors of w(-29)?
7, 139
Let u(z) = z**3 - 14*z**2 + 13*z + 3. Let d be u(13). Suppose -6 = 2*w, -d*t - t + 855 = -w. What are the prime factors of t?
3, 71
Suppose -43*d = -48*d + 505. Let q = 166 - d. What are the prime factors of q?
5, 13
Let m = 65879 - -8228. List the prime factors of m.
11, 6737
What are the prime factors of (-507902681)/(-11583) + 4/162?
13, 3373
Let g(v) = v**2 - 5*v - 2. Let j(z) = z + 30. Let a be j(-24). Let t be g(a). Suppose 223 = t*q - 169. List the prime factors of q.
2, 7
Suppose 0*d = -3*q + d + 178, 3*q - 208 = -5*d. Let o = q + -63. What are the prime factors of ((-62)/6)/(4/48*o)?
2, 31
What are the prime factors of ((-27)/6)/(20/(-94760))?
3, 23, 103
Let j = -58 - -47. Let w(l) = 3*l**2 + 14*l + 26. List the prime factors of w(j).
5, 47
Let i(n) = -2*n**3 + 31*n**2 + 34*n - 24. Let a(x) = -x**3 + 14*x**2 + 17*x - 12. Let t(d) = 5*a(d) - 2*i(d). List the prime factors of t(7).
2, 3, 13
Let c(j) be the third derivative of -9*j**4/8 - 43*j**3/3 - 2*j**2 - 4. List the prime factors of c(-16).
2, 173
Let g(s) = s**2 + 20*s + 5. Let u be g(-20). Suppose u*d + 2*j - 2765 = 0, j - 2470 = -5*d + 300. List the prime factors of d.
3, 5, 37
Let g(r) = -4*r**3 + r**2 + 2*r - 3. Suppose 4*f + 2*h = 12, 8 = -5*f - 3*h + 23. Let m = f - 6. List the prime factors of g(m).
2, 3
Suppose -14*n - 28 = -21*n. Suppose -d + n*v = -10, v = -3*d + 6*d - 8. Suppose -518 + 162 = -d*g. List the prime factors of g.
2, 89
Suppose -10*w = -11*w + 2. Suppose 690 = w*b - 7*b. Let n = -103 - b. List the prime factors of n.
5, 7
Let m(s) = 47*s - 52. Let u(a) = 46*a - 54. Let h(i) = 2*m(i) - 3*u(i). What are the prime factors of h(-9)?
2, 227
What are the prime factors of (-2 - (-10)/4)*(-9656)/(-4)?
17, 71
Suppose 82*n - 789035 + 261030 - 660995 = 0. List the prime factors of n.
2, 5, 29
What are the prime factors of (-1 - -7) + (11914/(-5))/((-2)/5)?
67, 89
Let o = -638 - -647. List the prime factors of (256/(-20))/(o/(-630)).
2, 7
Let t(q) = 23*q + 96. Let w(i) = 5*i**2 + 13*i - 3. Let o be w(-3). What are the prime factors of t(o)?
3, 5, 11
Let s(q) = -25*q + 28 + 2*q - q + 6. List the prime factors of s(-11).
2, 149
Let g = -134 + 136. Suppose g*j + 2*w + 148 = 948, -j - 2*w = -396. List the prime factors of j.
2, 101
Suppose -72*j + 68*j = 36, 0 = v - 2*j - 75276. List the prime factors of v.
2, 3, 37, 113
Suppose 874*s - 881*s + 35 = 0. Let a(k) = k + 2. Let z be a(-2). Suppose -s = -z*f - f. List the prime factors of f.
5
Let h be (-18)/(-60) + (-115)/50. List the prime factors of (2472/14)/(-2*h/14).
2, 3, 103
Suppose l = -3, 2*y = 5*l - 1379 + 10. What are the prime factors of y/(-12)*3 - -6?
179
Suppose -49*f + 184319 + 153917 = 79614. What are the prime factors of f?
2, 7, 13, 29
Let f(j) = -j - 14. Suppose 37 = -4*r - 15. Let k be f(r). What are the prime factors of (-16 + 13)*33/k?
3, 11
Suppose 14*i = -13*i - 30*i + 376086. What are the prime factors of i?
2, 3299
Suppose 0 = -34*v + 21*v - 252577. What are the prime factors of v/(-17) - -3*10/255?
3, 127
Let q = -5304 + 5464. List the prime factors of q.
2, 5
Suppose -94*p = -178*p + 1037568. What are the prime factors of p?
2, 193
Suppose 1752 = 4*s - 3*r, -5*s = -4*r - 699 - 1491. Suppose o + 884 = -2*l, 5*o + 1778 = -3*l + s. Let n = -252 - l. What are the prime factors of n?
2, 47
Let q(f) = -48*f - 41. Let c(p) = -12*p - 10. Suppose 4*r + 13 = -3. Let a(j) = r*q(j) + 18*c(j). What are the prime factors of a(-5)?
2, 13
Suppose 206813 = 58*y - 147103. List the prime factors of y.
2, 3, 113
List the prime factors of 7*(4 + (-22944)/(-42)).
2, 3, 107
Let c(g) = 30*g**2 + 154*g + 8. What are the prime factors of c(-14)?
2, 3, 311
Let t = 499 - 494. Let v be (-2)/(-9) - (-86)/18. Suppose 2*w - 31 = -t*s, 0*w - 29 = -v*s - 3*w. What are the prime factors of s?
7
Let a = 495 - 413. Let n = a - -317. List the prime factors of n.
3, 7, 19
Let n(w) = 3*w**2 - w. Let l be n(1). Suppose 4*d = -2*a + 5*a - 1726, 3*a + l*d - 1756 = 0. What are the prime factors of a?
2, 3, 97
Let y be ((-5310)/(-20))/((-2)/4 - -1). Let v = y - 258. Let h = -155 + v. What are the prime factors of h?
2, 59
Let n = -3 - -3. Let x = 434 + 36. Suppose -5*o = -w - 490, -5*o + 5*w + x = -n*o. What are the prime factors of o?
3, 11
Suppose -5*n - 5 = -5*s, 8 = -3*n + 2*s + 2*s. Suppose 2*x = -o + 12, -x - o + 10 - n = 0. What are the prime factors of (18/(-12))/(x/(-472))?
2, 59
Let q = 0 + 0. Suppose 2*g = -3*w + 169, w + 380 = -q*g + 5*g. Suppose 0 = 79*r - g*r - 14. What are the prime factors of r?
7
Let l(t) be the first derivative of -t**4/4 - 3*t**3 + 11*t**2/2 + 5*t + 16. Let n be l(-9). Let w = -33 - n. List the prime factors of w.
61
Suppose 0 = -b - 3*m, 0 = -3*b + 4*m - 0*m - 13. Let l be (27/(-45))/(b/(-15)). Let d = 7 + l. What are the prime factors of d?
2
Suppose 7*r = 338 - 107. Let o = -25 + r. Suppose -o*k = -3*k - 450. What are the prime factors of k?
2, 3, 5
Suppose -38300 = -5*l + l - 4*i, 0 = -4*l + 2*i + 38276. List the prime factors of l.
17, 563
Suppose 3668*h - 3671*h + 14469 = 0. What are the prime factors of h?
7, 13, 53
Suppose -2*n - 5*x = -240, -x = 3*n - 6*x - 410. Suppose -3*p - n = -25. Let b = p - -163. List the prime factors of b.
2
Suppose -19910 = -2*s - 3*p + 15089, 2*s - 3*p = 34981. What are the prime factors of s?
5, 3499
Let n(o) = -6*o**3 - 515*o**2 + 31*o - 23. What are the prime factors of n(-87)?
50263
List the prime factors of 114/(-57) + (74038 + 0)*(-3)/(-6).
3, 457
Suppose -3*m - k = -12, 0 = -2*m - m - 5*k + 12. Let f = 93 - 88. Suppose w + 110 = 5*x - m*x, -f*x - 3*w = -590. What are the prime factors of x?
5, 23
Suppose -5*c = -85 - 0. Suppose -10*n + c*n = 1190. Suppose 7*f - n + 9 = 0. List the prime factors of f.
23
Let h = 35 + -25. List the prime factors of 2 - ((-207)/6 + 3)*h.
317
Let z = -1743 - -2747. Suppose t - 4*f - z = -t, 2*t = f + 995. What are the prime factors of t?
2, 31
Let h be ((-12)/4 - -6) + 2 + -1. Suppose -3*a + 7*o - 2*o = -383, -h*a + 514 = -5*o. Suppose 2*b + v = a, -3*v - 170 = -2*b - 19. List the prime factors of b.
2, 17
Let k(w) = 3*w**2 - 12*w - 3. Let x be k(-4). Suppose -58 = -g + x. List the prime factors of g.
151
Let p(u) = u**3 + 3*u**2 - 7*u - 6. Let x be p(-4). Suppose -w + x*w = 625. Let z = w + -76. List the prime factors of z.
7
Suppose 2*m + 4*i = 10537 + 8989, m - 9757 = 4*i. List the prime factors of m.
43, 227
Let p = 20784 + -1805. List the prime factors of p.
18979
Suppose 20 = n + 3*n, 5*y = n + 6700. Suppose 4*r = 5*s - 0*r - y, 4*s + 5*r - 1040 = 0. Suppose 80 + s = 5*w. List the prime factors of w.
3, 23
Let q be ((-5)/3)/(102/18 - 6). Suppose 5*n - 5*p + 1893 = 9*n, -25 = -q*p. What are the prime factors of n?
467
Suppose 223*f - 1079178 - 3403526 = 1790509. What are the prime factors of f?
3, 9377
List the prime factors of ((-4)/(-10)*(-6)/(-2))/(452/667830).
3, 197
Suppose 36 + 40 = t. Suppose 0 = 5*g - 249 - t. Suppose -4*o + g = -27. What are the prime factors of o?
23
Let r(t) be the second derivative of 3*t**2 - 2/3*t**3 + 0 + 2/3*t**4 + 15*t. List the prime factors of r(-3).
2, 3, 5
Let u = -67 - -93. Suppose -574 + u = -4*d. Suppose 141*x - d*x - 628 = 0. List the prime factors of x.
157
Let c = -40 + 38. Let a be (6/c)/(9/(-12)). List the prime factors of (-24)/(a + (-66)/15).
2, 3, 5
Suppose -6*z + 5708 = 2*t, -2*z + 17424 = 4*t + 6008. What are the prime factors of t?
2, 1427
Let l(s) = 28664*s - 87. What are the prime factors of l(1)?
17, 41
Let t(o) be the third derivative of o**5/30 + 21*o**4/8 + 16*o**3/3 + 72*o**2. What are the prime factors of t(-34)?
2, 101
Suppose -6*o + o = -145. Suppose 0 = -33*t + o*t. Suppose -i + y + 0*y + 36 = t, -138 = -4*i + 2*y. List the prime factors of i.
3, 11
Let v = -2432 + 2496. Let z = -14 + -41. Let c = v + z. What are the prime factors of c?
3
Let d = 4321 - 1596. Suppose 0 = 9*t - 3422 - d. List the prime factors of t.
683
Let f(k) = 3*k**3 - 156*k**2 + 150*k + 10. List the prime factors of f(52).
2, 5, 11, 71
Let w(f) = 45*f - 3 - 5 - 2. List th